
9
Suppose 0 - 50 = -10*l. Suppose l*p - 2*d = 291, -2*p + 58 + 70 = 5*d. Calculate the remainder when p is divided by 10.
9
Let g be 22/33 - 4/6. Suppose g = -57*r + 42*r + 360. Let c = -5 - -10. What is the remainder when r is divided by c?
4
Let a(j) = j - 16. Let d be a(21). Suppose 15*w + d*w - 320 = 0. Calculate the remainder when 49 is divided by w.
1
Let s = -294 - -460. Suppose t + 3*t = -3*u + s, 162 = 4*t + u. What is the remainder when 98 is divided by t?
18
Suppose 0 = 6*s + 9 - 39. Suppose 0 = -8*z + 61 - s. Suppose -z*l = -8*l + 16. Calculate the remainder when 62 is divided by l.
14
Suppose -14 = y - 2*y + 3*v, 0 = 3*y + 3*v + 6. Suppose -y*i - 84 - 48 = 0. Let a = -59 - i. What is the remainder when 17 is divided by a?
3
What is the remainder when (-80 + 84)/(6/333) is divided by 213?
9
Suppose -2*x + 7*x + 4*s = 131, -3*s + 35 = x. Suppose -1294*y + 1297*y = 4*t + 414, -712 = -5*y + 3*t. What is the remainder when y is divided by x?
8
Let g(r) = -5*r + 1. Let y be g(8). Calculate the remainder when 18*((-17)/(-3) + -4) is divided by (-3)/(-6)*(-7 - y).
14
Suppose -2*w + 14 = 2*v, -2*w + 4*v = v + 6. Suppose -4*a = -3*a - 206. Let x = a - 189. Calculate the remainder when x is divided by w.
2
Let k(a) = -295*a + 1214. What is the remainder when 1913 is divided by k(4)?
9
Suppose -9*t - 1442 = 4147. Let y = t - -667. What is the remainder when (681/6)/((-2)/(-4)) is divided by y?
43
Let p(h) = -1691*h - 35. Calculate the remainder when p(-2) is divided by 108.
107
Suppose -5*t + 2*y + 363 + 0 = 0, 2*t - 2*y - 150 = 0. Calculate the remainder when t is divided by ((-3)/6)/((-16)/800).
21
Let m(x) = 2*x**3 + 13*x**2 - 65*x - 397. What is the remainder when 133 is divided by m(-6)?
17
Suppose 4*y - 1320 = 4*u, 4*y - 2*u - 1148 - 172 = 0. Suppose 5*t - 82 = -n, -4*n - n - 5*t = -y. What is the remainder when 492 is divided by n?
58
Let m = -14 - -23. Let h(k) = -k**3 + 9*k**2 + 2*k - 2. What is the remainder when 2490/58 + (-150)/(-2175) is divided by h(m)?
11
What is the remainder when 1867 is divided by (-273)/(-13) + (-14 - -19)?
21
Suppose -2*a + 410 = -5*l, 25*l = 22*l. Let o(h) = 53*h**2 + 3*h - 3. What is the remainder when a is divided by o(1)?
46
Suppose 0 = -q + 5*o + 156, 55*q - 53*q = -2*o + 384. Calculate the remainder when q is divided by 16.
10
Let a(v) = -5*v - 98. Let h be a(-20). Suppose -2*t = -h*x - 26 - 10, x + 3 = 0. What is the remainder when 22 + (0 + 2 - 4) is divided by t?
5
What is the remainder when 30094 is divided by (-92)/(-6) + ((-168)/36)/(-7)?
14
Let v(r) = 2 - 3*r**2 + 6*r + 2*r**2 + 5*r**2. Calculate the remainder when v(-4) is divided by 18/4*(-2)/(-1).
6
Let w = -18679 + 18699. Calculate the remainder when 535 is divided by w.
15
Let l = -7330 + 7340. What is the remainder when 3815 is divided by l?
5
Suppose 300*v + 14763 + 164210 = 821573. Calculate the remainder when v is divided by 306.
0
Let o(j) = -16*j**2 + 4*j + 15*j**2 + 17 + 2*j. Let m be o(8). Let q(w) = 150*w**3 + 3*w**2 - 3*w + 1. What is the remainder when q(m) is divided by 38?
37
Let p(k) = -415*k - 1232. Let h = 82 + -28. Let y = -4 + h. What is the remainder when y is divided by p(-3)?
11
Suppose -2*l - 5 = -23. Suppose -4*i - 4 = -6*i. Suppose -3*n + 24 - 9 = 4*c, 4*n + 2 = i*c. What is the remainder when l is divided by c?
0
Let v be 8/(-12)*4*(-9)/12. Let b(g) = 9*g**3 + 4*g**2 - 7. What is the remainder when b(v) is divided by 42?
39
Let w = 226 - 181. What is the remainder when w/2*6/9 is divided by 6?
3
Let d = 1197 + -480. Calculate the remainder when d is divided by 33.
24
Suppose -497 = 5*f - l, 0 = -3*f + l - 143 - 154. Let y = f - 93. Let x = -112 - y. What is the remainder when x is divided by 14?
11
Suppose 68*m + 6080 = 49*m. Let o = m - -412. Calculate the remainder when o is divided by 11.
4
Let p(w) = -w**2 - 13*w - 9. Suppose -4*c + 1 = -3*c. What is the remainder when -12 - -12 - (c - 51/1) is divided by p(-11)?
11
Suppose -6*l = -8*l + 262. Let o = -103 + l. Calculate the remainder when 444 is divided by o.
24
Suppose 8 = -19*w + 23*w, -6*n - 3*w = -12198. What is the remainder when n is divided by 9?
7
Suppose -6*o = -4*o - 70. Let k(y) be the third derivative of 19*y**5/60 + y**4/8 - y**3/6 + 44*y**2 + y. What is the remainder when k(-2) is divided by o?
34
Suppose 3*z + z - 8 = 0, -t + 951 = 5*z. What is the remainder when t is divided by 86?
81
What is the remainder when 460 is divided by (-2)/(-10) - -12*(-342)/(-30)?
49
Suppose -2*r - 3*a - 11 = -5, -6 = 3*a. Suppose -7*x - 146 = -3*b - 3*x, r = -b + x + 49. What is the remainder when 247 is divided by b?
47
What is the remainder when -8054*4/(-10 + 2) is divided by 19?
18
Suppose -3*n - 150 = -2*h, h = 3*n + 17 + 55. What is the remainder when 262 is divided by h?
28
Suppose -427 = -2*x + 255. Let h = 188 - x. What is the remainder when (-3)/2*h*2/3 is divided by 31?
29
Suppose -15 = -14*q + 9*q. Suppose k + 25 = 4*x, k + q*k = -3*x - 5. Calculate the remainder when (156/10 - -1) + 15/(-25) is divided by x.
1
Let n(t) = -t**2 + 26*t + 331. Let x be n(33). What is the remainder when -5*10/x*-142 is divided by 5?
1
What is the remainder when 3443 is divided by 2/(-6)*(-6)/(-4)*(243 - 269)?
11
Let s = -137 + 142. Suppose -2*m - 2 = 0, s*m = 3*t - 6 - 50. Calculate the remainder when 28 is divided by t.
11
Let j(b) = -10*b**3 - 176*b**2 - 11*b + 110. What is the remainder when j(-19) is divided by 84?
81
Let k be (-9 - -4)*-158*3/30. Suppose 4*f = v + k, 0 = 5*f + 4*v - 37 - 46. Calculate the remainder when 71 is divided by f.
14
Calculate the remainder when 2632 is divided by (1/3)/(2/402) - (43 + -42).
58
Let u = -424 - -431. What is the remainder when (-2861)/(-7) + 58/u + -8 is divided by 41?
40
Suppose -3*u - 3 + 0 = -3*j, 0 = -5*j - u - 1. Suppose 6*l + j*l + 72 = 0. Let x = l + 54. Calculate the remainder when x is divided by 9.
6
Let o(d) be the second derivative of -1/20*d**5 + 3/2*d**4 + d + 13 + 15*d**2 - 8/3*d**3. Calculate the remainder when 328 is divided by o(17).
46
Let j(r) = 8*r - 36. Let u be j(5). Suppose 2*n + 2*n - 946 = 3*k, n + u*k = 246. Suppose 18*y - n = 11*y. Calculate the remainder when y is divided by 12.
10
Suppose 25*a = -4*z + 27*a + 500, 3*z - 389 = 5*a. Calculate the remainder when z is divided by 34.
21
Let b = 535 - 433. Calculate the remainder when (-658)/(-12) + 17/b is divided by 32.
23
Suppose -z + 11 = 3*r - 0, 4*z - r = 31. Suppose -7*v + 225 = -286. Suppose -g - 3*s + 12 = -5, -3*g + v = -2*s. What is the remainder when g is divided by z?
7
Suppose -4*n + 707 = -2*z + 3*z, -2*z - 366 = -2*n. Calculate the remainder when n is divided by (14/7)/(-1*(-4)/94).
37
Let c = -3 - -10. Suppose 182*i + 43*i + 3588 - 35763 = 0. What is the remainder when i is divided by c?
3
What is the remainder when 111/(-74)*(-3098)/3 is divided by 504?
37
Let s = -829 - -1417. Calculate the remainder when s is divided by 102.
78
What is the remainder when (0 + 111)/((-9)/(-6)) is divided by (-10)/(-6)*(-10 - -34)?
34
Suppose 569 - 47 = 58*t. Calculate the remainder when 235 is divided by t.
1
Suppose -2*w - w + 123 = 5*h, 4*w = 2*h - 70. Suppose -9*s = -h - 63. What is the remainder when 167 is divided by s?
7
Let b(i) = 11*i + 15. Let q be b(5). Let h(s) = 2*s**2 + 10*s. What is the remainder when (q/(-21))/(2/(-66)) is divided by h(-7)?
26
Let p(x) = 7*x + 4. Suppose -55*k + 68 + 542 = 6*k. What is the remainder when p(5) is divided by k?
9
Calculate the remainder when 1482 is divided by (0 - (-1)/2)*12 - -160.
154
Suppose 4*k - 4*f = 376, 0 = 3*k + 5*f - 365 + 51. Calculate the remainder when k is divided by 0 + ((-336)/(-33) - 12/66).
8
Suppose 0 = -5*w + 31 - 46. Let j(x) = 2*x**2 - 3*x - 13. Calculate the remainder when 54 is divided by j(w).
12
Let i = 536533 - 536495. Let f(j) = j**2 + j + 2. What is the remainder when i is divided by f(-2)?
2
Let a = 4867 - 4811. Calculate the remainder when 556 is divided by a.
52
Let p = 69 - 73. Let g = p - -317. What is the remainder when g/8 + 2/(-16) is divided by 20?
19
Let l = -102 + 102. Suppose -7*d + 10*d - 120 = l. Let y = -20 + d. Calculate the remainder when y is divided by 8.
4
Let r(g) = -g**3 - 4*g**2 + 2*g + 13. Let z be r(-4). What is the remainder when ((-207)/(-27) -